ose -q = -2*q - 4*m + 3, 5*q + m = 15. Suppose -q*h - 33 = 3. What is the remainder when h/(-6)*35/2 is divided by 9?
8
Suppose 2*t + 2*q - 80 = 0, -4*q + 89 = 2*t + q. Let x = 55 - t. Calculate the remainder when 52 is divided by x.
16
What is the remainder when -1*(4347/(-28) - 1/(-4)) is divided by 26?
25
Let n(h) = h**2 + 11*h + 38. Let c = 27 + -5. What is the remainder when c is divided by n(-6)?
6
Suppose -131 = -2*i + 3*f - 6*f, -193 = -3*i - f. Suppose 4*v = -6 + 90. Suppose 0*c = -3*w + c + 67, v = w + c. Calculate the remainder when i is divided by w.
20
Suppose -66 = -4*l + l. Calculate the remainder when 62 is divided by l.
18
Let q(f) = -f**3 + 8*f**2 - 2*f - 12. What is the remainder when q(5) is divided by 19?
15
Suppose 0 = -2*y - 0 + 4. Suppose -g = -5*m + 60 + 159, 0 = -2*m - 5*g + 66. What is the remainder when m is divided by (-73)/(-5) - y/(-5)?
13
Let l(j) = 3*j**3 - 4*j**2 + 3*j - 1. What is the remainder when l(2) is divided by 5?
3
Suppose -o - o - 8 = 0. Suppose y = 4*w + 360, w + 81 = -3*y + y. Calculate the remainder when (-6)/9*(o + w) is divided by 16.
14
Let x be -4*(-1 - 2/4). Suppose -g - g = -x. Let j = g + 8. What is the remainder when 31 is divided by j?
9
Let s = -51 - -98. Suppose b = 5, u + 5*b + 0 = -2. Let y = 43 + u. What is the remainder when s is divided by y?
15
Suppose -6 = 3*i - 0. Let j be i/1*5/(-2). Let y(t) = t**2 - 2*t + 7. What is the remainder when y(j) is divided by 8?
6
Suppose -3*o + 3*y = 1 - 34, 5*o + 4*y = 100. Let q(c) = c + 31. What is the remainder when q(0) is divided by o?
15
Let t(m) = -m**3 - 2*m**2 + 2*m. Let r = -6 - -8. Suppose 6*z = r*z - 12. Calculate the remainder when t(z) is divided by 2.
1
Let f = -6 - -13. Let n = f - 2. Suppose -n*s = -35 + 10. What is the remainder when s is divided by 2?
1
Suppose -i + 11 = 8. Suppose -12 = 4*d, -i*j + 201 = -0*j - d. What is the remainder when j is divided by 17?
15
Suppose -2*k + 18 = -0*k. Calculate the remainder when 25 is divided by k.
7
Suppose 8 = -6*z - 16. Calculate the remainder when (-30)/40 + (-411)/z is divided by 26.
24
Let v be ((-28)/5)/((-2)/10). Let h be (-1)/3*-3 - 1. Suppose 4*o = w - 4, -3*w + v = -4*o - h*o. Calculate the remainder when 35 is divided by w.
11
Suppose 0 = -0*s - 2*s - 2. Let g = s - -5. Calculate the remainder when 6 is divided by g.
2
Let j(b) = -4*b**3 - 2*b**2 + 5*b + 4. What is the remainder when j(-3) is divided by 20?
19
Let k be -2*((-6)/2 - 1). Suppose 6*d - 16 = k. Calculate the remainder when 9 is divided by d.
1
Suppose -4 = -r - 0. Suppose 5 = -r*s + 21. Suppose -5*i - 12 = u - 55, 29 = s*i - u. Calculate the remainder when 15 is divided by i.
7
Suppose 0 = 2*f - 3*l - 30, -2*l + 13 = f - 4*l. Calculate the remainder when 101 is divided by f.
17
Let l(s) = -12*s - 4. What is the remainder when l(-4) is divided by 23?
21
Let l = -30 + 53. What is the remainder when 90 is divided by l?
21
Let q = -28 - -40. Let c = -12 + 28. What is the remainder when c is divided by (9/q)/((-2)/(-24))?
7
Let r(w) = w**3 + 5*w**2 - 4*w + 2. Suppose 0*n + 2*n = -12. Let y be r(n). What is the remainder when 11 is divided by ((-12)/y)/(3/15)?
5
Let u(d) = d**2 + 4*d + 5. Let f be u(5). Suppose -345 = -5*n - 2*t, -2*n - 3*t + f = -77. Let a = -49 + n. What is the remainder when a is divided by 8?
6
Let q be ((-12)/(-20) + 0)*-5. Suppose -5 = -g + 2*y, 3*g - 3*y - 7 = -5*y. Calculate the remainder when (-59)/q + 1/g is divided by 11.
9
Let i(t) = t**3 + 10*t**2 + 10*t - 3. Calculate the remainder when i(-8) is divided by 24.
21
Suppose 5*r = 45 + 165. Suppose -44 = -4*q + 2*q. Suppose 2*j = 4*j - q. Calculate the remainder when r is divided by j.
9
Suppose 5*q - 3*c - 228 = 0, -5*q - 3*c + 34 + 188 = 0. Let u = q + -18. Suppose -u = -2*x - x. Calculate the remainder when 26 is divided by x.
8
Suppose -2*c = c - 9. Suppose -j = -c*j + 106. What is the remainder when j is divided by 18?
17
Let w(f) = f**3 + 7*f**2 + 2*f - 10. Let n be w(-5). Suppose -3*g + 0*g + m = -n, 4*g - 2*m - 38 = 0. Calculate the remainder when 32 is divided by g.
10
Let c(a) = -a**3 + 14*a**2 + 16*a - 5. Calculate the remainder when c(15) is divided by (-2)/(-8) + (-30)/(-8).
2
Suppose -2*q + 0 = 2. Let f = q - -3. Suppose 8 = 2*p + 4*g, -5*p + 10 = -3*p + f*g. What is the remainder when 10 is divided by p?
4
Suppose -6*d - 4*x = -d - 130, x - 27 = -d. Let g(m) = -28*m + 2. Let n be g(-3). Suppose 0 = -0*j + 2*j - n. What is the remainder when j is divided by d?
21
Let p(m) = 4*m + 17. Let w(r) = -r. Let d(h) = p(h) + 5*w(h). Let a = 10 + -4. What is the remainder when d(0) is divided by a?
5
Let t(x) = -x + 5. Calculate the remainder when 12/((-5)/((-75)/6)) is divided by t(-3).
6
Let y(x) = x**2 + 6*x - 4. Let m(q) = q**3 + 12*q**2 + 12*q. Let r be m(-11). What is the remainder when y(r) is divided by 27?
24
Suppose -2*s = -8, 2*s + 6 - 50 = -2*a. What is the remainder when (25 + 1)*2*1 is divided by a?
16
Let r(c) = 78*c - 41. What is the remainder when r(1) is divided by (-6)/((-34)/(-20) - 2)?
17
Suppose 5*r - 2 - 13 = 0. Let s be 45 + 0/((-3)/r). Suppose 5*t = -4*l + 76, 3*t - s = -4*l - 1. Calculate the remainder when t is divided by 9.
7
Suppose 3*g - 7 - 2 = -5*w, 5*w = 3*g + 21. What is the remainder when 10 is divided by w?
1
What is the remainder when 0 + 22/1 - (-14 - -18) is divided by 3?
0
Suppose -3*q + 29 = -229. Suppose 2*l + 3*l + 5*g = 130, -5*g - 68 = -4*l. Calculate the remainder when q is divided by l.
20
Let y = 14 - 13. Calculate the remainder when (-147)/(-7) + y + -2 is divided by 11.
9
Let b be (-504)/(-32) + (-6)/8. Let d = 63 - b. Calculate the remainder when d is divided by 13.
9
Let z(j) = -j**2 - 4*j + 4. Let v be z(-4). What is the remainder when 114/v - 9/(-18) is divided by 16?
13
Suppose -n = 2*f - 33, 2*n - 71 = -10*f + 5*f. Calculate the remainder when n is divided by 6.
5
Let r(w) = -w**3 + 6*w**2 + 9*w - 7. Calculate the remainder when 26 is divided by r(7).
5
Suppose 5*g - 85 = y, -4*g - y - y = -54. Calculate the remainder when 46 is divided by g.
14
Suppose t + 2*t - 21 = 0. Let m(a) = -a**3 + 5*a**2 + 7*a - 3. Let u be -2 - (-6 + (-1 - 1)). Calculate the remainder when t is divided by m(u).
1
Let o(s) = 2*s + 2. Let k be o(-4). Let a(z) = -2*z - 1. What is the remainder when 4*(10 - (-1 - -3)) is divided by a(k)?
10
Let m = -23 - -28. Calculate the remainder when 17 is divided by m.
2
Let s be 34/(-3) - (-11)/33. Let d = s - -86. Calculate the remainder when d is divided by 19.
18
What is the remainder when 5 is divided by (-51)/(-18) - (-1)/6?
2
Let b(h) = 3*h**2 + 9*h - 5. Let q(k) = k**2 - k - 1. Let p(n) = b(n) - 4*q(n). What is the remainder when p(9) is divided by 12?
11
Suppose 71 = 2*c - 19. Suppose -3*y + c = -24. Calculate the remainder when y is divided by 13.
10
Let g = 35 - 57. Let i = 9 - g. What is the remainder when i is divided by 16?
15
Suppose 6 = -2*r - r, 4*r = -p + 33. Suppose -4*a + 32 = -12. What is the remainder when p is divided by a?
8
Let j(d) = d**2 - 2*d - 2. Let h be j(3). Let c(v) = h - 2*v + 5*v - 3 + 2*v**2 - 4*v. What is the remainder when 7 is divided by c(2)?
3
Let h(m) = 3*m**2 - 6*m + 7. Let l(t) = 4*t**2 - 7*t + 8. Let x(y) = 3*h(y) - 2*l(y). What is the remainder when 7 is divided by x(4)?
2
Suppose -76 = -l - 3*l. Suppose 0*y + 2*y - 5*s - l = 0, 5*s + 5 = 0. Calculate the remainder when y is divided by 4.
3
Let b(r) = -23*r - 3. Suppose -9 = -4*a + 3. Suppose a*v + 45 = 6*v. Calculate the remainder when b(-2) is divided by v.
13
Let o be 2/(-3)*27/(-6). Suppose -5*c - o*s = -2*c - 48, -4*s = 0. What is the remainder when 46 is divided by c?
14
Let p(d) = -d**3 + 5*d**2 + 7*d - 8. Calculate the remainder when 69 is divided by p(4).
33
Suppose -5*v + v = 0. Let i = 50 + v. Calculate the remainder when i is divided by 17.
16
Let q(u) = 3*u + 0*u**2 + 10*u + u**2 - 2*u**2. Calculate the remainder when 33 is divided by q(12).
9
Let x = -28 + 63. Let r = -24 + x. What is the remainder when 32 is divided by r?
10
Suppose 2*n = b - 36, -4*b + 79 = -2*n - 77. Suppose -5*d + t = -36, -3*d - 3*t + b = t. What is the remainder when d is divided by 2 - 1/2*-2?
2
Let a = -2 + 2. Let w(m) = m**3 + m**2 + m + 41. What is the remainder when w(a) is divided 